Give d(y).
-8
Let i(s) = -s**2 + 3*s + 7. Let d(r) = 5 - 20*r + 21*r + 13. Let v be d(-3). Suppose 3 = 2*b - c - 9, v = b - 5*c. Calculate i(b).
-3
Let l(j) = 3*j - 26. Let m = -440 + 488. Suppose 2*n + 4*n = m. Give l(n).
-2
Let g(v) = 2*v**2 - 15*v - 12. Suppose -142 - 168 = 7*z - 366. What is g(z)?
-4
Let g(c) = 14 + 0*c - 40*c**2 + 0*c + 42*c**2 + 19*c. Calculate g(-9).
5
Let k be 132/9 - (15/9 - 2). Let y be 6/15*-1 - (-66)/k. Let f(j) = -16*j - 18*j + 43*j - 15*j. Determine f(y).
-24
Suppose 29*u - 56 = 25*u. Suppose -u = 55*i - 53*i. Let d(f) = 3 - f + 6*f - 2*f. Give d(i).
-18
Let q(z) = -10*z - 1. Let n be 9/15 + (-6)/(-15). Let h be q(n). Let r(x) = x**2 + 11*x + 1. Let c be r(h). Let p(b) = -b - 1. What is p(c)?
-2
Let s(g) = 6*g + 45. Suppose 0 = 4*p - 4*i + 40, 1 = -p - 0*i - 2*i. Let r be s(p). Let h(j) = j**2 - 3*j + 3. Give h(r).
3
Let t(v) = 6*v**2 - 27*v - 41. Let b(x) = -x**2 + x - 10. Let l(r) = 4*b(r) + t(r). What is l(-3)?
6
Suppose -20*z - 31 = -21*z. Suppose -3*a - s = -z, -s - 4*s + 12 = 2*a. Let f(q) = -101 - a*q + 3*q + 101. Determine f(2).
-16
Let b(j) = j - 4. Let v = 250 + -129. Let s = v - 95. Let x = 31 - s. Determine b(x).
1
Let d(v) = -3*v + 17. Let t(o) be the third derivative of -o**6/60 - 19*o**5/60 + 5*o**4/12 + 7*o**3/6 + 82*o**2. Let n be t(-10). Give d(n).
-4
Suppose 0*g - 28 = 4*g. Let j(f) = 3*f**3 + 26*f**2 - 19*f - 30. Let q(y) = y**3 + 9*y**2 - 6*y - 10. Let m(i) = 3*j(i) - 8*q(i). Determine m(g).
4
Let a(w) = -724*w + 57. Let k(j) = 333*j - 27. Let z(h) = 6*a(h) + 13*k(h). Calculate z(-8).
111
Suppose -2*j = 8, l - 4*l + 19 = -4*j. Let b = 1 + 3. Let u(o) = l + 0*o**2 - 4*o + 11*o**2 - 8*o**2 - b*o**2. Determine u(-3).
4
Let s(u) = 10*u - 70. Let o be s(7). Suppose 34*r - 37*r - 15 = o. Let h(m) be the third derivative of m**4/8 + 7*m**3/6 - 6*m**2. Determine h(r).
-8
Let d(m) = -2*m + 37. Let k be d(19). Let h be (-18)/(k + 7)*-1. Let b(x) be the first derivative of -3*x**2/2 + 2*x - 2. Determine b(h).
-7
Let j(h) = -35*h**2 + 2 + 2*h**3 + 4 + 14*h + 14 - 33*h. Calculate j(18).
2
Let h be (0 + (-6)/5)/((-40)/1100). Let s be 0*(0 - -2)/4. Suppose -5*w + 8 - h = -5*l, 3*w = s. Let j(c) = -c**2 + 5*c - 1. What is j(l)?
-1
Suppose 5*q - 12 = 3*n, -5*n + 2 = -3*n. Let u be -4 + -8*(q + -4). Let x(c) = 7*c**2 - 1 - 8*c + c**3 + u + 4 - 2. Determine x(-8).
5
Let i(a) = a**3 - 27*a**2 + 111*a - 24. Let o = 7262 + -7240. Calculate i(o).
-2
Suppose -10*p = -9*p - 5. Let l(h) = -2*h**2 + 10*h. Let y be l(p). Suppose -5*d + 11*d + 24 = y. Let x(s) = -2*s + 3. What is x(d)?
11
Let m = 2629 + -2668. Let s(k) = -3*k - 122. Give s(m).
-5
Let s(q) = -2*q - 1. Suppose -f = -3*j - 26, f + 4*j = 3*f - 48. Suppose f = -4*g + 2*x, -5*g - 3*x - 2*x + 5 = 0. Calculate s(g).
5
Let i(v) be the first derivative of 10/3*v**3 + 1/24*v**5 + 0*v + 17 + 0*v**2 + 0*v**4 - 1/360*v**6. Let z(d) be the third derivative of i(d). What is z(4)?
4
Let a(n) = -n**2 + n + 16. Let i = -216 - -220. Suppose i*x - 5*k - 10 = 0, -5*x + x - 4 = 2*k. Determine a(x).
16
Let w(i) be the first derivative of -i**2/2 - 12*i - 18655. Suppose -2*s + 4*v = -36, -s = -5*v - 49 + 19. Determine w(s).
-22
Let p(l) = -2 - 4*l**2 - 3*l**2 - l**3 - 3*l**2 + 4*l**2 + 7*l. Let q be (8/20)/(-1 + (-55)/(-50)). Suppose -3*d + 14 = q*u + 45, -5*d = -5*u - 30. Give p(u).
-2
Let v be 32*(44/8 - 5). Let m(i) be the third derivative of -i**6/120 + i**5/4 + 17*i**4/24 - 5*i**3/3 + 3*i**2 - 143. Give m(v).
6
Let f be (2/(-2))/(5/(-10)). Let z(k) = f*k - 4 + 7 + 7. Let d be -3 + (4 - 10)*(-2 + 3) + 4. Calculate z(d).
0
Let j(d) = d**3 + 3*d**2 + 2*d - 4. Let r = -23506 - -23501. Calculate j(r).
-64
Let k(o) = o**3 - 5*o**2 + 7*o - 12. Let n be k(4). Let b(c) = -8*c - 8 + 3*c**2 - 2*c**2 + n*c**2 - 1. Determine b(10).
11
Let r = 2 + 0. Let i = 562 + -557. Let c be (-3 + r)*5/i. Let q(u) = 10*u**3 + 2*u**2 - 1. What is q(c)?
-9
Let r(c) = -11*c + 133. Let h be r(12). Let b(i) = 18*i - 5. Calculate b(h).
13
Let r(l) = l**3 - 2*l**2 - 5*l + 7. Let t(s) = -s**3 + 3*s**2 + 5*s - 10. Let c(q) = -5*r(q) - 4*t(q). Determine c(-5).
55
Let j be (32/52)/(-4) + 3150/195. Let m(y) = y**3 - 13*y**2 - 46*y - 33. What is m(j)?
-1
Let l(i) = -i**3 + 4*i**2 + 2*i - 11. Let s = 71 - 67. Let r be l(s). Let u(m) be the first derivative of m**3/3 - m**2/2 - 2*m - 1. What is u(r)?
10
Let t(a) = -a**3 - 5*a + 28*a**2 - 3*a - 21*a**2 + 1. Suppose i = -0*r + 5*r - 17, 0 = 2*i + 2*r - 14. Suppose i*x + x = 24. Calculate t(x).
-11
Suppose 0 = 2*h - 5*i - 19, -6*i = 3*h - i - 16. Let x(b) = -45*b + 94*b - h - 46*b. Determine x(-12).
-43
Let t(s) = -8*s - 14. Let l(h) = -1. Let y(r) = -6*l(r) + t(r). Let z(k) = 1292*k - 648*k - 651*k - 7. Let g(f) = 6*y(f) - 7*z(f). Give g(-7).
-6
Let b(y) = -y**3 + 17*y**2 - 35*y + 22. Let n be b(16). Let z be 1457/n - 1/(-6). Let k(d) = -d**2 - 4*d + 3. Calculate k(z).
-2
Let b(t) be the first derivative of -2*t - 3 - 3/2*t**2. Let r be (-1)/(1/3) + -1. Calculate b(r).
10
Let f(i) = -16*i**3 + 24*i**2 - 3*i + 15. Let l(m) = -9*m**3 + 12*m**2 - 2*m + 11. Let p(h) = -4*f(h) + 7*l(h). Calculate p(12).
-7
Suppose -45*d + 56*d - 22 = 0. Let b(o) = -5*o + 17. Let n(c) = 3*c - 9. Let v(t) = -1. Let f(j) = -n(j) + v(j). Let a(l) = 6*b(l) - 13*f(l). Calculate a(d).
16
Let z(v) be the third derivative of v**7/2520 - v**6/80 + 7*v**5/40 - v**4/12 + 73*v**3/6 - 45*v**2 - 2. Let i(u) be the second derivative of z(u). Give i(5).
1
Suppose -84*b - 24 = -85*b. Let m = 26 - b. Let z(u) = 3*u - 5 - u**2 + 3*u**3 + 7*u**m - 4*u**3 - 3*u**2. Calculate z(4).
-9
Let c(k) be the second derivative of k**4/12 + 4*k**3/3 + 7*k**2/2 + 947*k. Determine c(-7).
0
Let x(h) = -80*h + 392. Let u be 2*(-6 + 3) - (-11)/(-1)*-1. Give x(u).
-8
Let w = -5271 + 5266. Let z(u) = -3*u**2 - 3*u - 1. Calculate z(w).
-61
Let w(c) = 61 + 89194482*c + 2 - 89194480*c. Give w(-16).
31
Let h = -86 + 90. Suppose -x + 5 = -3*b, -5*x - h*b = 35 + 35. Let j(q) = q**2 + 12*q + 8. Calculate j(x).
-12
Let x(j) = j**3 - 7*j**2 + j + 1. Let w be (2/14)/(42/1323)*(-10)/(-15). Determine x(w).
-32
Suppose -173*g = -29245 + 30456. Let a(h) be the third derivative of h**4/8 + h**3 - h**2. Determine a(g).
-15
Let b(u) = 2*u**2 - 111 - u + 226 - 2*u - 130 - 5*u. What is b(6)?
9
Suppose -8*n = -4*h - 9*n + 4292, 2146 = 2*h + 2*n. Let i(q) = 541 + 537 - h - 4*q + q**2. Let f(z) = -z**2 - 7*z - 2. Let w be f(-6). Give i(w).
5
Let a = -38 + 38. Suppose 8*r + 22 + 10 = a. Let v(x) = x**3 + 2*x**2 - 7*x - 6. Calculate v(r).
-10
Let a(z) = z**3 + 36*z**2 + 102*z + 94. Let b be a(-33). Let l(p) = 4*p - 14. Determine l(b).
-34
Let l(m) be the second derivative of m**4/4 - 17*m**3/6 + 3*m**2 - 2503*m. Give l(5).
-4
Let c = -1003 - -1008. Let k(j) = j**3 - 8*j**2 - j - 8. Let z(m) = -m**3 + 9*m**2 + m + 9. Let b(t) = 4*k(t) + 3*z(t). Determine b(c).
-10
Let x(h) = 1078*h + 7 + 14 - 1068*h + h**2 + 9. What is x(-3)?
9
Suppose -2*r = -6*r - y - 4, 0 = -5*y. Let m(c) = -15*c**3 + c**2 - 1. Determine m(r).
15
Let f = -536 - -557. Let r(o) = o - 40. Give r(f).
-19
Suppose -5*t + 85 = 60*x - 64*x, -x = -5*t + 55. Let h(s) = 13*s + 66. Give h(x).
-64
Let l(u) be the second derivative of -7/2*u**3 - 15/2*u**2 + 0 - 1/20*u**5 - 32*u + 23/12*u**4. Let o be l(22). Let q(c) = 3*c - 8. Give q(o).
13
Suppose -5*h - 15 = -4*j, -j - 2*h = -7*h - 15. Let q(t) be the third derivative of -t**2 + j*t - 1/24*t**4 + 0 - 1/6*t**3. Determine q(-3).
2
Let y(h) = 4*h - 3. Let o be (-52)/((-100)/(-45) + (110/(-90) - -1)). What is y(o)?
-107
Let t(z) be the first derivative of 1/3*z**3 - 104 - 2*z**2 - 5*z. What is t(4)?
-5
Let w(b) = -41*b + 30. Let j be w(21). Let n = -1491 - j. Let f be (-4)/(-7) + n/77. Let t(s) = s**3 + 8*s**2 - s - 2. Determine t(f).
6
Let o(z) be the second derivative of -z**4/12 + 2*z**3 + 95*z + 1. Calculate o(13).
-13
Suppose -13 = j - 5. Let f be (j - -10)*1*2. Let r(q) be the second derivative of -q**4/12 + 2*q**2 - 29*q - 3. What is r(f)?
-12
Let g(o) be the second derivative of -o**4/24 + 5*o**3/2 - 7*o**2 + 126*o. Let d(b) be the first derivative of g(b). Suppose -3*f + 23 = -10. Determine d(f).
4
Let p(d) = d**2 + 1. Let c be p(1). Let j(a) = -556 + c*a - 548 + 1113. Give j(-7).
-5
Suppose -149*o - 1560 = -269*o. Let u(a) = 15*a - 